+ 75. List the prime factors of u.
19
Let r = 6 - 8. Let q(y) = -2*y**3 + y. List the prime factors of q(r).
2, 7
Let v = -2 + 3. Suppose -v = -3*y + 5. Let m(t) = 3*t**2 - 3*t + 1. What are the prime factors of m(y)?
7
Suppose 0*c + 5 = 2*u + 3*c, -2*c = 5*u - 29. List the prime factors of u.
7
Suppose -4*t + 41 = -0*j + j, 4*j - 203 = -3*t. Let l = j - 10. Let y = l + -30. List the prime factors of y.
13
Let k be 20/12 - (-1)/3. Suppose -k*y + 38 = -5*x + 133, -2*x = 5*y - 9. List the prime factors of x.
17
Suppose u = 2 + 3. Suppose -j - u*g + 27 = 0, 4*j + 2*g - 51 = 21. What are the prime factors of j?
17
Let j = -6 + 10. Suppose -j*o - 44 = o - 2*l, -2*o - 22 = -3*l. Let i(a) = -a**2 - 7*a + 11. List the prime factors of i(o).
3
Let m be -3*(-14)/6*1. Let u = m + -3. List the prime factors of u.
2
Let a be 16*(-3)/((-9)/15). Suppose -3*u + a = -5*z, 0*u + 76 = 3*u - z. Suppose -8*o + 23 = -3*o + 2*f, -5*f - u = -4*o. List the prime factors of o.
5
Let b(q) = -q**3 - 4*q**2 - 3*q + 4. Let r(p) = -p**2 - 7*p - 4. Let y be r(-7). List the prime factors of b(y).
2
Let c(j) = -j**2 - 10*j - 12. Let b be c(-8). Suppose -71 = -b*o - 7. Suppose -2*z + 6*z = o. What are the prime factors of z?
2
Suppose -8 = -5*q + 352. Let s = -27 + q. What are the prime factors of s?
3, 5
Suppose -a = -3*d + 6, -2*d = -a + 2*d - 9. Suppose -a*w = -4*n + 1, 0*w + w = 2*n - 1. Let y(z) = 12*z. List the prime factors of y(n).
2, 3
Let k be (-1 + 1)*(0 + -1). Suppose -2*i + 28 - 8 = k. Let m = i - 0. What are the prime factors of m?
2, 5
Suppose -14*j + 6*j + 2304 = 0. List the prime factors of j.
2, 3
Let v(l) = -2*l**3 + 2*l**2 - l - 24. Let r(m) = 3*m**3 - 3*m**2 + m + 23. Let p(b) = -3*r(b) - 4*v(b). List the prime factors of p(0).
3
Suppose 58*z - 56*z - 444 = 0. What are the prime factors of z?
2, 3, 37
Let i(z) = -z**2 - 8*z + 6. List the prime factors of i(-7).
13
Suppose 202 = 5*c - 223. Suppose -5*u = -c - 0. List the prime factors of u.
17
Let v = 0 - 2. Let o = v - -2. Suppose o = -7*k + 4*k + 36. List the prime factors of k.
2, 3
Let j = 21 - -5. Suppose -4*i = -5*z - 102 + j, 19 = i - z. List the prime factors of i.
19
Suppose 0*q = 5*q - 320. Suppose 2*c + a = 7*c - q, -2*c = 5*a - 4. List the prime factors of c.
2, 3
Let l = 52 - 18. What are the prime factors of l?
2, 17
Let s(a) = -a**2 + 12*a - 3. Let p be s(12). Let v(j) = -j - 5. Let f be v(p). Let k(h) = h**3 + 4*h**2 + h - 1. List the prime factors of k(f).
5
Suppose 2*f + 0 = 4. Suppose 2*v = 4*w - f*w + 2, -5*w = 4*v - 13. Suppose -7*t + v*t + 40 = 0. List the prime factors of t.
2
Let d(b) be the first derivative of b**2 - b - 4. Let m be d(-4). List the prime factors of 1/(-3) - 120/m.
13
Suppose 16 = 5*w - w. Let b be 18/(-9) + w*8. Let r = b - 16. List the prime factors of r.
2, 7
Let w be 3/(-6) - (-2)/(-4). Let v = 3 - w. Suppose 5*l - 25 = 0, v*q = -6*l + 4*l + 42. List the prime factors of q.
2
Suppose 0 = -4*l - 6 - 54. Let o = 3 - l. What are the prime factors of o?
2, 3
Suppose 4*n = 4*x - 32, -x + 4 = n - 4. Suppose -2*g + 8 + x = 0. What are the prime factors of g?
2
Suppose -3*i + 0*i = -5*w - 53, 2*i + 2*w - 46 = 0. List the prime factors of i.
3, 7
Suppose 4*x = -12 + 40. Let y(w) = w**3 + w**2 - 3 - 7*w**2 - 5*w + x*w + 6*w. List the prime factors of y(5).
2, 3
Let c = 40 - 12. Suppose 1 = 2*q - 5. Suppose -12 = -3*z, 0*j - 2*z - c = -q*j. What are the prime factors of j?
2, 3
Suppose 4*x = 5*g - 34, 2*g - 3*x = 2 + 13. Let z(m) = -m**3 + 6*m**2 + 2*m - 6. Let s be z(g). Let v = 0 + s. What are the prime factors of v?
2, 3
Suppose 5*j = -299 - 31. Let n = -36 - j. What are the prime factors of n?
2, 3, 5
Let n(v) = v**2 + 3*v - 6. Suppose f = 4 - 0. List the prime factors of n(f).
2, 11
Let h(d) be the first derivative of 7*d**3/3 + d - 1. List the prime factors of h(1).
2
Let l = -81 - -149. Suppose -3*j = -j - l. Suppose 0 = -d + 6*d - 3*y - j, -y = -2*d + 13. List the prime factors of d.
5
Let t = 12 + 28. What are the prime factors of t?
2, 5
Let j = 8 + -5. List the prime factors of j.
3
Suppose -3*f = -102 - 78. List the prime factors of f.
2, 3, 5
Let b = -6 - -10. Suppose 4*w - b = 4. Suppose -4*r - w*q - 3*q = -8, 0 = 3*r - 5*q - 41. What are the prime factors of r?
7
Let z(g) = -g - 1. Let v be z(-6). Suppose 0 = -3*x + 10 + v, -3*r - x = -89. List the prime factors of r.
2, 7
Let j(b) = -b**3 - 2*b**2 + b - 4. Let f be j(-3). Suppose -68 = 2*z + f*g, 5*z + 71 = 3*z - 5*g. What are the prime factors of (-2)/(-8) - z/12?
3
Let r be (-4)/(-12) + (-2)/(-3). Let g(c) = 3*c + 3*c + r + 0*c. List the prime factors of g(1).
7
List the prime factors of (-28)/35 + (-672)/(-15).
2, 11
Let u(i) = i**2 - 6*i + 8. Let w be u(6). Suppose 0 = -w*x + 4*x + 68. List the prime factors of x.
17
Let k(d) = d**2 - d + 2. Let t be k(0). Suppose -o = t*o - 21. What are the prime factors of o?
7
Let m(y) = -2*y**2 + 4*y - 2. Suppose 3*h + h = 8. Let g be m(h). Let o(n) = n**2 + n + 1. What are the prime factors of o(g)?
3
Let h(l) = l**2 - 5*l - 5. Let z be h(5). Let p = 10 + z. List the prime factors of p.
5
Let y be (-1)/((-63)/15 + 4). List the prime factors of 0 - (-2*y - 0).
2, 5
Suppose -73*b + 72*b = -90. List the prime factors of b.
2, 3, 5
Let i = -5 - -15. List the prime factors of i.
2, 5
Suppose -2*q - o + 9 = 0, 3 + 24 = 5*q + 4*o. Suppose -q*n + 2 + 4 = 0. Suppose -n*x + 13 + 3 = 0. What are the prime factors of x?
2
Let o = -173 + 249. List the prime factors of o.
2, 19
Suppose 6*b - 2*b - 55 = -q, b = 2*q - 155. What are the prime factors of q?
3, 5
Let k = 5 + 1. Suppose k*r = r + 25. What are the prime factors of r?
5
Suppose 3*z - 169 = -2*f, 0 = -f + 2 - 0. List the prime factors of z.
5, 11
Suppose -4 = -4*i + 4. Suppose -i*x - 48 = -4*x. Let t = x - 14. What are the prime factors of t?
2, 5
Suppose 0*f = -3*f + 6. Suppose 2*s = 4*s - 2*r - 24, 5*r + 30 = f*s. What are the prime factors of s?
2, 5
Suppose 0 = 3*u - 5*u + 2*q + 746, -4*u = 2*q - 1492. List the prime factors of u.
373
Let g = 75 + 145. What are the prime factors of g?
2, 5, 11
Let s(f) = -2*f**2 - 5*f**3 + 8*f**3 + 0 - 2. Let d be s(2). What are the prime factors of 8/(-12) - d/(-3)?
2
Suppose -t + 4*k + 30 = 0, 0 = 5*t - 0*t - 5*k - 135. List the prime factors of t.
2, 13
Let r = 149 - 104. What are the prime factors of r?
3, 5
Let l(v) = -21*v + 1. Let q = 7 - 2. Suppose q*s = 5*g - 10, 4*s - 3*g = -0*g - 7. List the prime factors of l(s).
2, 11
List the prime factors of -1*(-1 + -1) + 78.
2, 5
Let u(h) be the third derivative of -h**7/1680 - 7*h**6/720 - h**5/30 - h**2. Let x(l) be the third derivative of u(l). What are the prime factors of x(-5)?
2
Suppose 141 = 4*z - 259. What are the prime factors of z?
2, 5
Let f be ((-20)/3)/(-4)*3. Suppose -10 = -f*z + 15. What are the prime factors of z?
5
List the prime factors of (-15)/12*48/(-2).
2, 3, 5
Suppose -k = 23 - 160. What are the prime factors of k?
137
Suppose 2*i + 20 = 5*h - 28, i + 5*h + 9 = 0. Let x = i + 28. List the prime factors of x.
3
Let t = 152 + -101. List the prime factors of t.
3, 17
Suppose -5*q - 2*z + 231 = z, 4*z = q - 37. List the prime factors of q.
3, 5
What are the prime factors of 0 - -7 - (-2)/1?
3
Let i(h) = -3*h**2 - 2*h + 155. List the prime factors of i(0).
5, 31
Let r(v) be the third derivative of -1/2*v**4 + 0 - v**2 + 0*v - 1/3*v**3. List the prime factors of r(-2).
2, 11
Let p(t) = 97*t - 46. What are the prime factors of p(4)?
2, 3, 19
Suppose -12 = 3*o, -4*l + 0*l + 4*o - 68 = 0. Let f = -11 - l. Suppose 0 = 3*q - f - 35. What are the prime factors of q?
3, 5
Suppose -2*f = -4*q + 112, 3*q + f - 122 = -28. What are the prime factors of q?
2, 3, 5
Let b(m) = -m**3 + 5*m**2 + 10*m - 15. What are the prime factors of b(6)?
3
Suppose 0*y - 136 = -4*y. Suppose y = t + t. What are the prime factors of t?
17
Suppose 10 + 5 = 5*g. Suppose -4*m - g = -19. Suppose 2*v = -2*t + m, 2*t - v - 2 = -5*v. What are the prime factors of t?
3
List the prime factors of 123 + ((-26)/(-7) - 4/(-14)).
127
Let k(l) = 4*l - 5. Let u be k(8). Suppose 3*o = 12, -a + o + u = 5*o. List the prime factors of a.
11
Suppose -396 + 1228 = 8*q. List the prime factors of q.
2, 13
Suppose 2 + 0 = 2*z. Suppose k - 1 = z. Suppose -k*h + 16 + 2 =